l)?
-2
Let a(k) = 2*k - 1. Let c be ((8/(-6))/(-4))/((-12)/252). Determine a(c).
-15
Suppose -m + 9*m - 15432 = 0. Let j(z) = -m + 4*z - 5*z + 1923. What is j(0)?
-6
Let f(c) = 49*c**3 + 2*c + 1. Let k be (20/(-14 + 24))/((-4)/2). Give f(k).
-50
Let a(c) = 16*c**2 - 13*c - 29. Let y(k) = 3*k**2 - 3*k - 6. Let d(l) = -2*a(l) + 11*y(l). Calculate d(6).
-14
Let y(n) = 7 + 10*n - n**3 + 1 + 2413*n**2 - 2 - 2404*n**2. Give y(10).
6
Suppose 15 - 40 = 5*f. Let y(h) = -5*h**2 + 4*h - 1. Let p(q) = -6*q**2 + 4*q - 1. Let t(a) = 6*p(a) - 7*y(a). What is t(f)?
-4
Let v be (-30*(6 - 119/21))/2. Let k(b) = -b**2 + 5. Determine k(v).
-20
Let w(h) = 329 - 12*h - 670 + 328 - h**2. Give w(-10).
7
Let z be (-32)/2*2/4. Let h be (15/(-6))/(10/z). Let s(i) = -14*i**2 + 5*i + 7*i**2 + 6*i**h. Determine s(5).
0
Let o(u) = -u**2 + 3*u + 2. Let y be o(3). Let b(c) be the third derivative of -7/24*c**4 + 0*c - y*c**2 - 1/2*c**3 + 0 - 1/60*c**5. Give b(-4).
9
Let l(i) = 0*i**2 - i**2 - 7*i - 1 + 2*i - i. Let d be (0/5)/(2 + 1). Suppose 0 = -x - 3*z - 0*z + 8, d = x + z. What is l(x)?
7
Let b(d) = 3*d**3 + 6*d**2 - 23*d - 12. Let t(v) = -v**3 - 2*v**2 + 8*v + 4. Let y(k) = 6*b(k) + 17*t(k). Give y(-3).
-7
Let a(f) = 135*f - 266*f + 134*f. Give a(7).
21
Let r(f) be the third derivative of f**4/6 + 2*f**3/3 + 20*f**2. Let h(p) = -p + 3. Let n be h(6). What is r(n)?
-8
Suppose 3*p - 2 - 16 = 0. Let w(k) be the third derivative of 0 - 1/3*k**3 + 0*k - 1/4*k**4 - 5*k**2 + 1/60*k**5. Give w(p).
-2
Let u(t) be the third derivative of t**5/60 + t**4/4 - t**3/2 + 36*t**2. Let c be (-50)/(-13) - 10/(-65). Suppose -5 = -c*q - 29. Give u(q).
-3
Suppose -4*s - 1 = 3, -3*s + 78 = 3*g. Let m be 2/(-9) - (-87)/g. Let y be (-1)/(1*m/(-6)). Let f(r) = 2*r + 1. Calculate f(y).
5
Let p(l) = l**2 - 8*l + 2. Let s(r) = 2*r**2 - 17*r + 3. Let m(w) = -9*p(w) + 4*s(w). Calculate m(3).
-3
Let n(m) = 7*m**2 - 27*m + 19*m + 14*m. Let g(w) = 13*w**2 + 12*w - 1. Let r(y) = 6*g(y) - 11*n(y). Calculate r(-6).
-6
Suppose 0 = -v + 1 + 1, -4*n + 170 = v. Let t = 39 - n. Let i(y) = y**2 + 2*y - 3. Calculate i(t).
0
Let s(x) = -3*x**2 - 7*x + 5. Let q = 38 + -31. Let c(r) = 4*r**2 + 10*r - 7. Let u(h) = q*s(h) + 5*c(h). What is u(2)?
-2
Let t(p) = -4*p - 75. Let h be t(-19). Let j(f) = f**2 - f. Let y(d) = 4*d**2 + 4*d. Let u(r) = -3*j(r) - y(r). Give u(h).
-8
Suppose -5*k + 36 = -v + 11, -2*v - 15 = -3*k. Let l(n) = 3*n**2 - n + 15. Let h(c) = -c**2 + 2. Let d(o) = -4*h(o) - l(o). Calculate d(v).
-23
Let s(x) = 7*x - 2. Let c(y) = -9 + 1 + 7 + 4 - 11*y. Let t(h) = -5*c(h) - 8*s(h). Let l = -7 + 1. What is t(l)?
7
Let y(q) = -3*q + 6. Let a(t) = -t**3 - 16*t**2 - 2*t + 3. Let k be a(-16). Let z be (-21)/k - 4/(40/(-66)). Calculate y(z).
-12
Suppose -5*a + 20 = -a, 4*a = -3*k + 47. Suppose 2*f + 5*r - k = 0, r + 0 + 5 = 3*f. Let w(v) = v**3 + 3*v**2 - 2*v - 1. Calculate w(f).
15
Let g(s) = 2*s - 3. Suppose c + 14 = 2*d + 3*d, -5*c - 10 = 5*d. Suppose -2*h + 12 = d*m, -2*m + h - 2 = -m. What is g(m)?
1
Let o(f) = 7*f + 43. Let p be o(-6). Let y(q) = 2*q**2 - q - 1. Let c be y(-1). Suppose b = c*b + p. Let l(u) = 2*u**3 - 2*u**2 - 2*u - 1. What is l(b)?
-3
Suppose -q + p - 15 = -4*p, 5*q - 13 = 3*p. Let k(r) = -r. Suppose 14*n = 5*n + 27. Let l(a) = 2*a - 2. Let c(u) = n*k(u) + l(u). Give c(q).
-7
Suppose -k - 21*p + 19*p - 8 = 0, k - 2*p + 12 = 0. Let t(u) = u**3 + 9*u**2 - 12*u + 5. Calculate t(k).
25
Let o(c) be the third derivative of 1/24*c**4 + 22*c**2 + 1/3*c**3 + 0 + 0*c. Calculate o(6).
8
Let c be 33/(-2)*(-34)/(-51). Let x = c - -12. Let a = x + -4. Let b(d) = -d**2 - 6*d + 3. Give b(a).
12
Let p(h) = 2*h + 1. Suppose w + 66 = 3*l + 4*w, -4*l + 4*w = -80. Let o be (7/l)/(1/18). Calculate p(o).
13
Let q(m) be the first derivative of -m**2 + 5*m + 2. Let h be 1 - (25/15 - 1)*-6. What is q(h)?
-5
Suppose 16*i = 23*i - 14. Let g(o) = -3*o**3 + 0*o - 2*o + 1 + 4*o**3. Determine g(i).
5
Suppose -4*r + 10 = r. Let i(c) = -c - 4*c + c**r + 315 - 314. What is i(4)?
-3
Let s(y) be the second derivative of 1/3*y**3 - 36*y - 1/20*y**5 - 3/2*y**2 + 0 + 0*y**4. What is s(3)?
-24
Let o(i) = -3*i + 2. Let k(d) be the third derivative of -d**6/120 - 7*d**5/60 + d**4/4 - 2*d**3 + 14*d**2. Let v be k(-8). Determine o(v).
-10
Let v(g) = -g**3 + 16*g**2 - 15*g - 1. Let f be v(15). Let z(c) = -6*c**3 + c. Let x be z(f). Let m(o) = o**2 - 5*o - 4. Give m(x).
-4
Let f(x) = 14*x - 4. Let k be 2/7 - (14 + (-828)/42). Give f(k).
80
Let j(b) = b**3 + 8*b**2 - b. Suppose -68*r - 32 = -64*r. Calculate j(r).
8
Suppose -80*s + 182*s + 306 = 0. Let i(g) = -2*g**2 + 1 - 5 - 2*g - 3*g. What is i(s)?
-7
Suppose -4*t + 5*k + 20 = 0, -2*t - t + 3*k + 12 = 0. Suppose 2*f - 28 = -4*m - t*f, 4*f = 8. Let d(s) = -s**2 + 6*s. Calculate d(m).
0
Let u(r) be the first derivative of -r**4/12 + 3*r**3/2 - 5*r**2 + 6*r + 2. Let w(v) be the first derivative of u(v). What is w(7)?
4
Let h(y) = 5239*y**3 - 6 + 6*y - 5238*y**3 + 5*y**2 - 3*y - 3*y. What is h(-5)?
-6
Let k(p) = p**3 - 5*p + 6*p**2 + 0*p**3 - 4*p - 7. Let v = -1443 - -1436. Calculate k(v).
7
Suppose n + 34 - 29 = 0. Let u(x) = -x**2 - 4*x + 3. Determine u(n).
-2
Suppose 0 = -2*q + t - 16 - 14, 0 = 5*q + 2*t + 66. Let u be (-3 - (-4)/(24/21))*q. Let o(n) = n**2 + 4*n - 6. Calculate o(u).
15
Let n(r) = -2*r + 2. Suppose 43 = -j + 12. Let d = j + 15. Let i = d + 13. Give n(i).
8
Let i(x) = -x**2 - 22*x - 3 + 51*x - 20*x. Suppose 3*u = f + 26, -2*f - 12 = -u - f. What is i(u)?
11
Let g(k) = -k**2 + 6*k + 7. Let n(j) = -j. Let c(z) = -z**2 + 4*z. Let v(i) = c(i) - 4*n(i). Let x be v(10). Let l be ((-4)/(-6))/(x/(-150)). Determine g(l).
12
Suppose -6*x = -4 - 8. Let h be 9/(x*5/(-10)). Let f(c) = 2*c + 13. Give f(h).
-5
Let l(c) = 115 - 35 - 38 - 46 - 3*c. Give l(6).
-22
Let t(z) = 7*z**3 + 9*z**2 + 2*z + 4. Let i(m) = -2*m**3 - m**2 - m - 1. Let q(c) = -4*i(c) - t(c). Determine q(5).
10
Let r(x) = x**2 + x - 7. Suppose 3*q + 2*q = 10. Suppose 0 = 3*d + q*d - 25. Suppose d*v + 7 = 2*b + 2, -4*v - 4 = -3*b. Calculate r(b).
-7
Let q(o) = -13 + 3*o**3 - 2*o - 9*o**2 - 2*o**3 + 3*o. Suppose 111*p - 42 - 784 - 173 = 0. What is q(p)?
-4
Suppose 20*h + 54 + 6 = 0. Let j(w) = w**2 + 7*w + 2. Give j(h).
-10
Suppose 0 = -2*f - a - 2, -2*f - 3 = 2*a + 1. Suppose 7*r - 4*r + 30 = f. Let k = r - -10. Let y(p) = p**2 + p + 9. Calculate y(k).
9
Suppose 0*m - m = 2. Let c be 0/2*(m + 3). Let s = -5 + c. Let k(o) = o**3 + 7*o**2 + 6*o - 7. What is k(s)?
13
Let a = 425 - 427. Let j(r) = -13*r. Calculate j(a).
26
Let h(g) = -g + 2. Let p(m) = -6*m**2 + 4*m - 4. Let s(b) = -5*h(b) - p(b). Let n(d) = 5*d**2 + d - 5. Let x(f) = 7*n(f) - 6*s(f). Give x(3).
-5
Let t(o) be the first derivative of o**2/2 + 8*o - 714. Calculate t(-10).
-2
Let l(q) = -3*q - q + 7 + 2*q. Suppose 4*s = -84*y + 81*y + 26, 4*s = -4*y + 24. What is l(s)?
-9
Let w(n) be the third derivative of 0*n + 1/24*n**4 + 1/120*n**6 + 0 + 1/3*n**3 - 1/20*n**5 + n**2. Let v = -452 - -455. Give w(v).
5
Let b(h) = -h**3 - 3*h**2 + h + 7. Let x be (-1*9/6)/((-15)/(-30)). What is b(x)?
4
Let n(t) = 22 - 9*t + 14*t - 13. Suppose 162 = 14*j - 41*j. Determine n(j).
-21
Let n(a) be the first derivative of a**4/4 - 7*a**3/3 + 7*a**2/2 - 1. Let r(g) = 8*g + 40. Let p be r(-5). Let c be 3 + -5 + 9 - (p - -1). Determine n(c).
6
Let m(t) = 4*t - 11. Suppose -9*r + 5*r = -2*f + 6, -2*f - r + 11 = 0. Calculate m(f).
9
Suppose -2*c - 5*i = 3*c + 95, 4*c + 104 = 3*i. Let o = c + 29. Let b(q) = -5 - q + 6 + 8. What is b(o)?
3
Let g(d) = 43 - 19 - 18 + 4*d. Give g(-6).
-18
Let k(h) = 7*h**2 - 21*h - 2. Let v(p) = -3*p**2 + 8*p + 1. Let b(q) = -3*k(q) - 8*v(q). What is b(-1)?
2
Suppose 0 = 3*v - 5*t - 18, 0 = 3*v - 5*v + 3*t + 12. Let p(r) be the second derivative of -r**4/12 + 3*r**3/2 - 2*r**2 - r. Give p(v).
14
Let q(j) = 20*j - 74. Let v(d) = -26*d + 75. Let k(g) = 5*q(g) + 4*v(g). Calculate k(-17).
-2
Let n = 1 - -2. Let k(m) = 5*m**3 - 2*m + 1. Let v be k(1). Let z(a) = -a**n + 2 - v*a + 3*a**2 - a**2 + 0 + a**2. Give z(2).
-2
Let v(r) be the third derivative of 7/6*r**3 + 0*r - 3/8*r**4 + 0 - 21*r**2 + 1/60*r**5. Determine v(7).
-7
Let f(u) be the third derivative of -u**4/24 + u**3/2 - 48*u**2. Let z(i) = -12*i**3 - i**2 + i + 1. Let c be z(-1). Suppose 4 = 5*r